{"id":9935,"date":"2022-01-04T15:51:05","date_gmt":"2022-01-04T14:51:05","guid":{"rendered":"http:\/\/hull.de\/luebbecke\/?page_id=9935"},"modified":"2022-06-30T20:55:43","modified_gmt":"2022-06-30T18:55:43","slug":"paartanz-standard","status":"publish","type":"page","link":"https:\/\/hull.de\/luebbecke\/paartanz-standard\/","title":{"rendered":"Paartanz Standard"},"content":{"rendered":"<p><div class=\"fusion-fullwidth fullwidth-box fusion-builder-row-1 fusion-flex-container fusion-parallax-none nonhundred-percent-fullwidth non-hundred-percent-height-scrolling\" style=\"--awb-border-radius-top-left:0px;--awb-border-radius-top-right:0px;--awb-border-radius-bottom-right:0px;--awb-border-radius-bottom-left:0px;--awb-min-height:350px;--awb-background-image:url(&quot;http:\/\/hull.de\/luebbecke\/wp-content\/uploads\/sites\/9\/2022\/01\/Paartanz_Header.jpg&quot;);--awb-background-size:cover;--awb-flex-wrap:wrap;\" ><div class=\"fusion-builder-row fusion-row fusion-flex-align-items-center fusion-flex-content-wrap\" style=\"max-width:1216.8px;margin-left: calc(-4% \/ 2 );margin-right: calc(-4% \/ 2 );\"><div class=\"fusion-layout-column fusion_builder_column fusion-builder-column-0 fusion_builder_column_1_1 1_1 fusion-flex-column\" style=\"--awb-bg-size:cover;--awb-width-large:100%;--awb-margin-top-large:15px;--awb-spacing-right-large:1.92%;--awb-margin-bottom-large:15px;--awb-spacing-left-large:1.92%;--awb-width-medium:100%;--awb-order-medium:0;--awb-spacing-right-medium:1.92%;--awb-spacing-left-medium:1.92%;--awb-width-small:100%;--awb-order-small:0;--awb-spacing-right-small:1.92%;--awb-spacing-left-small:1.92%;\"><div class=\"fusion-column-wrapper fusion-column-has-shadow fusion-flex-justify-content-flex-start fusion-content-layout-column\"><div class=\"fusion-title title fusion-title-1 fusion-sep-none fusion-title-text fusion-title-size-one\" style=\"--awb-text-color:#ffffff;\"><h1 class=\"fusion-title-heading title-heading-left fusion-responsive-typography-calculated\" style=\"margin:0;--fontSize:90;line-height:1;\">Paartanz<\/h1><\/div><\/div><\/div><\/div><\/div><div class=\"fusion-fullwidth fullwidth-box fusion-builder-row-2 fusion-flex-container nonhundred-percent-fullwidth non-hundred-percent-height-scrolling\" style=\"--awb-background-position:left top;--awb-border-sizes-top:0px;--awb-border-sizes-bottom:0px;--awb-border-sizes-left:0px;--awb-border-sizes-right:0px;--awb-border-radius-top-left:0px;--awb-border-radius-top-right:0px;--awb-border-radius-bottom-right:0px;--awb-border-radius-bottom-left:0px;--awb-padding-top:3%;--awb-padding-bottom:3%;--awb-background-image:linear-gradient(180deg, #f7f7f7 0%,#ffffff 75%);--awb-flex-wrap:wrap;\" ><div class=\"fusion-builder-row fusion-row fusion-flex-align-items-flex-start fusion-flex-justify-content-center fusion-flex-content-wrap\" style=\"max-width:calc( 1170px + 0px );margin-left: calc(-0px \/ 2 );margin-right: calc(-0px \/ 2 );\"><div class=\"fusion-layout-column fusion_builder_column fusion-builder-column-1 fusion_builder_column_1_1 1_1 fusion-flex-column fusion-animated\" style=\"--awb-bg-blend:overlay;--awb-bg-size:cover;--awb-width-large:100%;--awb-margin-top-large:0px;--awb-spacing-right-large:0px;--awb-margin-bottom-large:5px;--awb-spacing-left-large:0px;--awb-width-medium:100%;--awb-spacing-right-medium:0px;--awb-spacing-left-medium:0px;--awb-width-small:100%;--awb-spacing-right-small:0px;--awb-spacing-left-small:0px;\" data-animationType=\"fadeInDown\" data-animationDuration=\"1.0\" data-animationOffset=\"top-into-view\"><div class=\"fusion-column-wrapper fusion-flex-justify-content-flex-start fusion-content-layout-column\"><div class=\"fusion-text fusion-text-1 fusion-text-no-margin\" style=\"--awb-text-transform:none;--awb-margin-bottom:60px;\"><p>In diesem Bereich arbeiten wir nach dem Welttanzprogramm und konzentrieren uns auf die Basics, aus denen nat\u00fcrlich noch viel mehr entstehen kann!<br \/>\nBei uns finden Anf\u00e4nger und Wiedereinsteiger genauso ihren Tanzkurs, wie fortgeschrittene T\u00e4nzer.<br \/>\nIm Grundkurs starten wir ganz von Anfang an mit dem Discofox, Swingfox, Langsamen Walzer sowie dem Wiener Walzer.<br \/>\nDer Aufbaukurs, wie der Name schon sagt, baut auf den T\u00e4nzen, die im Grundkurs erlernt wurden, auf.<br \/>\nEs kommen neue Figuren und Folgen dazu. Aber auch neue T\u00e4nze wie z.B.: Jive, Cha Cha Cha und Rumba. Wer weiter macht, findet in einem unserer Tanzzirkel sein neues Tanz-Zuhause. Denn in den Tanzzirkeln gibt es kein Ende. Von Bronze bis Super Gold Star kann hier \u00fcber viele Jahre hinweg getanzt und gelernt werden, dazu immer in einer Gesellschafft, wo auch die Pause gerne f\u00fcr ein, zwei Getr\u00e4nke und eine nette Unterhaltung genutzt werden!<b> <\/b> Egal wie weit und wie lange Ihr bei uns tanzt, ihr werdet von unseren qualifizierten ADTV-Tanzlehrern*innen in freundlicher Atmosph\u00e4re angeleitet.<\/p>\n<p>Tanzt mit uns in modernen R\u00e4umen zu aktuellen Hits und verbringt euer Tanzerlebnis ganz wie es zu euch passt: sportlich herausfordernd, belebend oder angenehm entspannt \u2013 und immer in netter Gesellschaft!<\/p>\n<p>Los geht\u2019s: Wem nur noch der richtige Tanzpartner\/ die richtige Tanzpartnerin fehlt, findet ihn\/sie mit unserer Tanzpartnersuche oder schaut unter www.hull.de\/solotanz<\/p>\n<\/div><div class=\"fusion-progressbar fusion-progressbar-text-on-bar\" style=\"--awb-filledcolor:rgba(99,98,175,0.65);\"><div class=\"fusion-progressbar-bar progress-bar\"><div class=\"progress progress-bar-content\" style=\"width:0%;\" role=\"progressbar\" aria-labelledby=\"awb-progressbar-label-1\" aria-valuemin=\"0\" aria-valuemax=\"100\" aria-valuenow=\"19\"><\/div><\/div> <span class=\"progress-title\"><span class=\"fusion-progressbar-text\" id=\"awb-progressbar-label-1\">GRUNDKURSE: Beginner<\/span> <\/span><\/div><div class=\"fusion-progressbar fusion-progressbar-text-on-bar\" style=\"--awb-filledcolor:rgba(99,96,175,0.81);\"><div class=\"fusion-progressbar-bar progress-bar\"><div class=\"progress progress-bar-content\" style=\"width:0%;\" role=\"progressbar\" aria-labelledby=\"awb-progressbar-label-2\" aria-valuemin=\"0\" aria-valuemax=\"100\" aria-valuenow=\"26\"><\/div><\/div> <span class=\"progress-title\"><span class=\"fusion-progressbar-text\" id=\"awb-progressbar-label-2\">AUFBAUKURSE: mit Vorkenntnissen<\/span> <\/span><\/div><div class=\"fusion-progressbar fusion-progressbar-text-on-bar\" style=\"--awb-filledcolor:#5e5baf;\"><div class=\"fusion-progressbar-bar progress-bar\"><div class=\"progress progress-bar-content\" style=\"width:0%;\" role=\"progressbar\" aria-labelledby=\"awb-progressbar-label-3\" aria-valuemin=\"0\" aria-valuemax=\"100\" aria-valuenow=\"89\"><\/div><\/div> <span class=\"progress-title\" style=\"right: calc(15px + 11%);\"><span class=\"fusion-progressbar-text\" id=\"awb-progressbar-label-3\">TANZZIRKEL BRONZE: Perfekt nach dem Abschluss der Grund- und Aufbaukurse oder zum Wiedereinsteigen und Probestunden.<\/span> <\/span><\/div><div class=\"fusion-progressbar fusion-progressbar-text-on-bar\" style=\"--awb-filledcolor:#5e5baf;\"><div class=\"fusion-progressbar-bar progress-bar\"><div class=\"progress progress-bar-content\" style=\"width:0%;\" role=\"progressbar\" aria-labelledby=\"awb-progressbar-label-4\" aria-valuemin=\"0\" aria-valuemax=\"100\" aria-valuenow=\"27\"><\/div><\/div> <span class=\"progress-title\"><span class=\"fusion-progressbar-text\" id=\"awb-progressbar-label-4\">TANZZIRKEL SILBER: Fortgeschritten <\/span> <\/span><\/div><div class=\"fusion-progressbar fusion-progressbar-text-on-bar\" style=\"--awb-filledcolor:#5e5baf;\"><div class=\"fusion-progressbar-bar progress-bar\"><div class=\"progress progress-bar-content\" style=\"width:0%;\" role=\"progressbar\" aria-labelledby=\"awb-progressbar-label-5\" aria-valuemin=\"0\" aria-valuemax=\"100\" aria-valuenow=\"48\"><\/div><\/div> <span class=\"progress-title\" style=\"right: calc(15px + 52%);\"><span class=\"fusion-progressbar-text\" id=\"awb-progressbar-label-5\"> TANZZIRKEL GOLD: Fortgeschritten mit langj\u00e4hriger Tanzerfahrung<\/span> <\/span><\/div><div class=\"fusion-progressbar fusion-progressbar-text-on-bar\" style=\"--awb-filledcolor:#5e5baf;\"><div class=\"fusion-progressbar-bar progress-bar\"><div class=\"progress progress-bar-content\" style=\"width:0%;\" role=\"progressbar\" aria-labelledby=\"awb-progressbar-label-6\" aria-valuemin=\"0\" aria-valuemax=\"100\" aria-valuenow=\"71\"><\/div><\/div> <span class=\"progress-title\" style=\"right: calc(15px + 29%);\"><span class=\"fusion-progressbar-text\" id=\"awb-progressbar-label-6\">TANZZIRKEL SUPERGOLDSTAR: Fortgeschritten mit langj\u00e4hriger Tanzerfahrung\/ Turniervorbereitung<\/span> <\/span><\/div><\/div><\/div><\/div><\/div><div class=\"fusion-fullwidth fullwidth-box fusion-builder-row-3 fusion-flex-container hundred-percent-fullwidth non-hundred-percent-height-scrolling\" style=\"--awb-background-position:left top;--awb-border-sizes-top:0px;--awb-border-sizes-bottom:0px;--awb-border-sizes-left:0px;--awb-border-sizes-right:0px;--awb-border-radius-top-left:0px;--awb-border-radius-top-right:0px;--awb-border-radius-bottom-right:0px;--awb-border-radius-bottom-left:0px;--awb-padding-top:0px;--awb-padding-right:0px;--awb-padding-bottom:0px;--awb-padding-left:0px;--awb-background-color:#ffffff;--awb-flex-wrap:wrap;\" ><div class=\"fusion-builder-row fusion-row fusion-flex-align-items-stretch fusion-flex-content-wrap\" style=\"width:calc( 100% + 0px ) !important;max-width:calc( 100% + 0px ) !important;margin-left: calc(-0px \/ 2 );margin-right: calc(-0px \/ 2 );\"><div class=\"fusion-layout-column fusion_builder_column fusion-builder-column-2 fusion_builder_column_1_1 1_1 fusion-flex-column\" style=\"--awb-bg-position:center center;--awb-bg-blend:overlay;--awb-bg-size:cover;--awb-width-large:100%;--awb-margin-top-large:0px;--awb-spacing-right-large:0px;--awb-margin-bottom-large:-82px;--awb-spacing-left-large:0px;--awb-width-medium:100%;--awb-spacing-right-medium:0px;--awb-spacing-left-medium:0px;--awb-width-small:100%;--awb-spacing-right-small:0px;--awb-spacing-left-small:0px;\"><div class=\"fusion-column-wrapper fusion-flex-justify-content-flex-start fusion-content-layout-column\"><div class=\"fusion-recent-works fusion-portfolio-element fusion-portfolio fusion-portfolio-1 fusion-portfolio-grid fusion-portfolio-paging-none fusion-portfolio-four fusion-portfolio-no_text fusion-portfolio-rollover fusion-animated\" data-id=\"-rw-1\" data-columns=\"four\" data-animationType=\"fadeInLeft\" data-animationDuration=\"1.0\" data-animationOffset=\"top-into-view\"><style type=\"text\/css\">.fusion-portfolio-1 .fusion-portfolio-wrapper .fusion-col-spacing{padding:0px;}<\/style><div class=\"fusion-portfolio-wrapper\" id=\"fusion-portfolio-1\" data-picturesize=\"auto\" data-pages=\"1\" style=\"margin:-0px;\"><article id=\"portfolio-1-post-9976\" class=\"fusion-portfolio-post paartanz-standard fusion-col-spacing post-9976\"><div class=\"fusion-portfolio-content-wrapper\" style=\"border:none;\"><span class=\"entry-title rich-snippet-hidden\">Grundkurse<\/span><span class=\"vcard rich-snippet-hidden\"><span class=\"fn\"><a href=\"https:\/\/hull.de\/luebbecke\/author\/torben\/\" title=\"Beitr\u00e4ge von torben\" rel=\"author\">torben<\/a><\/span><\/span><span class=\"updated rich-snippet-hidden\">2022-02-17T13:45:39+01:00<\/span><div  class=\"fusion-image-wrapper\" aria-haspopup=\"true\">\n\t\t\t\t<img decoding=\"async\" width=\"975\" height=\"1625\" src=\"https:\/\/hull.de\/luebbecke\/wp-content\/uploads\/sites\/9\/2022\/01\/Grundkurse.jpg\" class=\"attachment-full size-full wp-post-image\" alt=\"\" srcset=\"https:\/\/hull.de\/luebbecke\/wp-content\/uploads\/sites\/9\/2022\/01\/Grundkurse-200x333.jpg 200w, https:\/\/hull.de\/luebbecke\/wp-content\/uploads\/sites\/9\/2022\/01\/Grundkurse-400x667.jpg 400w, https:\/\/hull.de\/luebbecke\/wp-content\/uploads\/sites\/9\/2022\/01\/Grundkurse-600x1000.jpg 600w, https:\/\/hull.de\/luebbecke\/wp-content\/uploads\/sites\/9\/2022\/01\/Grundkurse-800x1333.jpg 800w, https:\/\/hull.de\/luebbecke\/wp-content\/uploads\/sites\/9\/2022\/01\/Grundkurse.jpg 975w\" sizes=\"(min-width: 2200px) 100vw, (min-width: 1216px) 293px, (min-width: 1024px) 390px, (min-width: 832px) 585px, (min-width: 640px) 832px, \" \/><div class=\"fusion-rollover\">\n\t<div class=\"fusion-rollover-content\">\n\n\t\t\t\t\n\t\t\n\t\t\t\t\t\t\t\t\t\t\t\t<h4 class=\"fusion-rollover-title\">\n\t\t\t\t\t<a class=\"fusion-rollover-title-link\" href=\"\/luebbecke\/grundkurse\">\n\t\t\t\t\t\tGrundkurse\t\t\t\t\t<\/a>\n\t\t\t\t<\/h4>\n\t\t\t\n\t\t\t\t\t\t\t\t\n\t\t\n\t\t\t\t\t\t<a class=\"fusion-link-wrapper\" href=\"\/luebbecke\/grundkurse\" aria-label=\"Grundkurse\"><\/a>\n\t<\/div>\n<\/div>\n<\/div>\n<\/div><\/article><article id=\"portfolio-1-post-9978\" class=\"fusion-portfolio-post paartanz-standard fusion-col-spacing post-9978\"><div class=\"fusion-portfolio-content-wrapper\" style=\"border:none;\"><span class=\"entry-title rich-snippet-hidden\">Aufbaukurse<\/span><span class=\"vcard rich-snippet-hidden\"><span class=\"fn\"><a href=\"https:\/\/hull.de\/luebbecke\/author\/torben\/\" title=\"Beitr\u00e4ge von torben\" rel=\"author\">torben<\/a><\/span><\/span><span class=\"updated rich-snippet-hidden\">2022-02-17T13:45:24+01:00<\/span><div  class=\"fusion-image-wrapper\" aria-haspopup=\"true\">\n\t\t\t\t<img decoding=\"async\" width=\"975\" height=\"1625\" src=\"https:\/\/hull.de\/luebbecke\/wp-content\/uploads\/sites\/9\/2022\/01\/Paartanz_Aufbaukurs-1.jpg\" class=\"attachment-full size-full wp-post-image\" alt=\"\" srcset=\"https:\/\/hull.de\/luebbecke\/wp-content\/uploads\/sites\/9\/2022\/01\/Paartanz_Aufbaukurs-1-200x333.jpg 200w, https:\/\/hull.de\/luebbecke\/wp-content\/uploads\/sites\/9\/2022\/01\/Paartanz_Aufbaukurs-1-400x667.jpg 400w, https:\/\/hull.de\/luebbecke\/wp-content\/uploads\/sites\/9\/2022\/01\/Paartanz_Aufbaukurs-1-600x1000.jpg 600w, https:\/\/hull.de\/luebbecke\/wp-content\/uploads\/sites\/9\/2022\/01\/Paartanz_Aufbaukurs-1-800x1333.jpg 800w, https:\/\/hull.de\/luebbecke\/wp-content\/uploads\/sites\/9\/2022\/01\/Paartanz_Aufbaukurs-1.jpg 975w\" sizes=\"(min-width: 2200px) 100vw, (min-width: 1216px) 293px, (min-width: 1024px) 390px, (min-width: 832px) 585px, (min-width: 640px) 832px, \" \/><div class=\"fusion-rollover\">\n\t<div class=\"fusion-rollover-content\">\n\n\t\t\t\t\n\t\t\n\t\t\t\t\t\t\t\t\t\t\t\t<h4 class=\"fusion-rollover-title\">\n\t\t\t\t\t<a class=\"fusion-rollover-title-link\" href=\"\/luebbecke\/Aufbaukurse\">\n\t\t\t\t\t\tAufbaukurse\t\t\t\t\t<\/a>\n\t\t\t\t<\/h4>\n\t\t\t\n\t\t\t\t\t\t\t\t\n\t\t\n\t\t\t\t\t\t<a class=\"fusion-link-wrapper\" href=\"\/luebbecke\/Aufbaukurse\" aria-label=\"Aufbaukurse\"><\/a>\n\t<\/div>\n<\/div>\n<\/div>\n<\/div><\/article><article id=\"portfolio-1-post-9980\" class=\"fusion-portfolio-post paartanz-standard fusion-col-spacing post-9980\"><div class=\"fusion-portfolio-content-wrapper\" style=\"border:none;\"><span class=\"entry-title rich-snippet-hidden\">Tanzzirkel<\/span><span class=\"vcard rich-snippet-hidden\"><span class=\"fn\"><a href=\"https:\/\/hull.de\/luebbecke\/author\/torben\/\" title=\"Beitr\u00e4ge von torben\" rel=\"author\">torben<\/a><\/span><\/span><span class=\"updated rich-snippet-hidden\">2022-02-17T13:45:08+01:00<\/span><div  class=\"fusion-image-wrapper\" aria-haspopup=\"true\">\n\t\t\t\t<img decoding=\"async\" width=\"975\" height=\"1625\" src=\"https:\/\/hull.de\/luebbecke\/wp-content\/uploads\/sites\/9\/2022\/01\/Paartanz_Tanzzirkel-1.jpg\" class=\"attachment-full size-full wp-post-image\" alt=\"\" srcset=\"https:\/\/hull.de\/luebbecke\/wp-content\/uploads\/sites\/9\/2022\/01\/Paartanz_Tanzzirkel-1-200x333.jpg 200w, https:\/\/hull.de\/luebbecke\/wp-content\/uploads\/sites\/9\/2022\/01\/Paartanz_Tanzzirkel-1-400x667.jpg 400w, https:\/\/hull.de\/luebbecke\/wp-content\/uploads\/sites\/9\/2022\/01\/Paartanz_Tanzzirkel-1-600x1000.jpg 600w, https:\/\/hull.de\/luebbecke\/wp-content\/uploads\/sites\/9\/2022\/01\/Paartanz_Tanzzirkel-1-800x1333.jpg 800w, https:\/\/hull.de\/luebbecke\/wp-content\/uploads\/sites\/9\/2022\/01\/Paartanz_Tanzzirkel-1.jpg 975w\" sizes=\"(min-width: 2200px) 100vw, (min-width: 1216px) 293px, (min-width: 1024px) 390px, (min-width: 832px) 585px, (min-width: 640px) 832px, \" \/><div class=\"fusion-rollover\">\n\t<div class=\"fusion-rollover-content\">\n\n\t\t\t\t\n\t\t\n\t\t\t\t\t\t\t\t\t\t\t\t<h4 class=\"fusion-rollover-title\">\n\t\t\t\t\t<a class=\"fusion-rollover-title-link\" href=\"\/luebbecke\/tanzzirkel\">\n\t\t\t\t\t\tTanzzirkel\t\t\t\t\t<\/a>\n\t\t\t\t<\/h4>\n\t\t\t\n\t\t\t\t\t\t\t\t\n\t\t\n\t\t\t\t\t\t<a class=\"fusion-link-wrapper\" href=\"\/luebbecke\/tanzzirkel\" aria-label=\"Tanzzirkel\"><\/a>\n\t<\/div>\n<\/div>\n<\/div>\n<\/div><\/article><article id=\"portfolio-1-post-9982\" class=\"fusion-portfolio-post paartanz-standard paartanz-special fusion-col-spacing post-9982\"><div class=\"fusion-portfolio-content-wrapper\" style=\"border:none;\"><span class=\"entry-title rich-snippet-hidden\">Hochzeitskurse<\/span><span class=\"vcard rich-snippet-hidden\"><span class=\"fn\"><a href=\"https:\/\/hull.de\/luebbecke\/author\/torben\/\" title=\"Beitr\u00e4ge von torben\" rel=\"author\">torben<\/a><\/span><\/span><span class=\"updated rich-snippet-hidden\">2022-06-30T20:55:03+02:00<\/span><div  class=\"fusion-image-wrapper\" aria-haspopup=\"true\">\n\t\t\t\t<img decoding=\"async\" width=\"975\" height=\"1625\" src=\"https:\/\/hull.de\/luebbecke\/wp-content\/uploads\/sites\/9\/2022\/01\/Hochzeitskurse.jpg\" class=\"attachment-full size-full wp-post-image\" alt=\"\" srcset=\"https:\/\/hull.de\/luebbecke\/wp-content\/uploads\/sites\/9\/2022\/01\/Hochzeitskurse-200x333.jpg 200w, https:\/\/hull.de\/luebbecke\/wp-content\/uploads\/sites\/9\/2022\/01\/Hochzeitskurse-400x667.jpg 400w, https:\/\/hull.de\/luebbecke\/wp-content\/uploads\/sites\/9\/2022\/01\/Hochzeitskurse-600x1000.jpg 600w, https:\/\/hull.de\/luebbecke\/wp-content\/uploads\/sites\/9\/2022\/01\/Hochzeitskurse-800x1333.jpg 800w, https:\/\/hull.de\/luebbecke\/wp-content\/uploads\/sites\/9\/2022\/01\/Hochzeitskurse.jpg 975w\" sizes=\"(min-width: 2200px) 100vw, (min-width: 1216px) 293px, (min-width: 1024px) 390px, (min-width: 832px) 585px, (min-width: 640px) 832px, \" \/><div class=\"fusion-rollover\">\n\t<div class=\"fusion-rollover-content\">\n\n\t\t\t\t\n\t\t\n\t\t\t\t\t\t\t\t\t\t\t\t<h4 class=\"fusion-rollover-title\">\n\t\t\t\t\t<a class=\"fusion-rollover-title-link\" href=\"\/luebbecke\/hochzeitskurse\">\n\t\t\t\t\t\tHochzeitskurse\t\t\t\t\t<\/a>\n\t\t\t\t<\/h4>\n\t\t\t\n\t\t\t\t\t\t\t\t\n\t\t\n\t\t\t\t\t\t<a class=\"fusion-link-wrapper\" href=\"\/luebbecke\/hochzeitskurse\" aria-label=\"Hochzeitskurse\"><\/a>\n\t<\/div>\n<\/div>\n<\/div>\n<\/div><\/article><\/div><\/div><\/div><\/div><\/div><\/div><div class=\"fusion-fullwidth fullwidth-box fusion-builder-row-4 fusion-flex-container hundred-percent-fullwidth non-hundred-percent-height-scrolling\" style=\"--awb-background-position:left top;--awb-border-sizes-top:0px;--awb-border-sizes-bottom:0px;--awb-border-sizes-left:0px;--awb-border-sizes-right:0px;--awb-border-radius-top-left:0px;--awb-border-radius-top-right:0px;--awb-border-radius-bottom-right:0px;--awb-border-radius-bottom-left:0px;--awb-padding-top:3%;--awb-padding-bottom:3%;--awb-background-image:linear-gradient(180deg, #f7f7f7 0%,#ffffff 75%);--awb-flex-wrap:wrap;\" ><div class=\"fusion-builder-row fusion-row fusion-flex-align-items-flex-start fusion-flex-justify-content-center fusion-flex-content-wrap\" style=\"width:calc( 100% + 0px ) !important;max-width:calc( 100% + 0px ) !important;margin-left: calc(-0px \/ 2 );margin-right: calc(-0px \/ 2 );\"><div class=\"fusion-layout-column fusion_builder_column fusion-builder-column-3 fusion_builder_column_1_1 1_1 fusion-flex-column fusion-animated\" style=\"--awb-bg-blend:overlay;--awb-bg-size:cover;--awb-width-large:100%;--awb-margin-top-large:60px;--awb-spacing-right-large:calc( 0.02 * calc( 100% - 0px ) );--awb-margin-bottom-large:7px;--awb-spacing-left-large:calc( 0.02 * calc( 100% - 0px ) );--awb-width-medium:100%;--awb-spacing-right-medium:0px;--awb-spacing-left-medium:0px;--awb-width-small:100%;--awb-spacing-right-small:0px;--awb-spacing-left-small:0px;\" data-animationType=\"fadeInDown\" data-animationDuration=\"1.0\" data-animationOffset=\"top-into-view\"><div class=\"fusion-column-wrapper fusion-flex-justify-content-flex-start fusion-content-layout-column\"><div class=\"fusion-title title fusion-title-2 fusion-sep-none fusion-title-center fusion-title-text fusion-title-size-two\" style=\"--awb-margin-top:15px;--awb-font-size:90px;\"><h2 class=\"fusion-title-heading title-heading-center fusion-responsive-typography-calculated\" style=\"margin:0;font-size:1em;--fontSize:90;line-height:1;\">\n<div id=\"sb_instagram\"  class=\"sbi sbi_mob_col_1 sbi_tab_col_2 sbi_col_4 sbi_width_resp\" style=\"padding-bottom: 10px;width: 100%;\" data-feedid=\"*1\"  data-res=\"auto\" data-cols=\"4\" data-colsmobile=\"1\" data-colstablet=\"2\" data-num=\"4\" data-nummobile=\"\" data-item-padding=\"5\" data-shortcode-atts=\"{}\"  data-postid=\"9982\" data-locatornonce=\"0698f731e0\" data-imageaspectratio=\"1:1\" data-sbi-flags=\"favorLocal,gdpr\">\n\t\n    <div id=\"sbi_images\"  style=\"gap: 10px;\">\n\t\t    <\/div>\n\n\t<div id=\"sbi_load\" >\n\n\t\n\t\n<\/div>\n\n\t    <span class=\"sbi_resized_image_data\" data-feed-id=\"*1\" data-resized=\"[]\">\n\t<\/span>\n\t<\/div>\n\n<\/h2><\/div><\/div><\/div><\/div><\/div><\/p>\n","protected":false},"excerpt":{"rendered":"","protected":false},"author":1,"featured_media":0,"parent":0,"menu_order":0,"comment_status":"closed","ping_status":"closed","template":"100-width.php","meta":{"footnotes":"","_links_to":"","_links_to_target":""},"class_list":["post-9935","page","type-page","status-publish","hentry"],"yoast_head":"<!-- This site is optimized with the Yoast SEO plugin v24.9 - https:\/\/yoast.com\/wordpress\/plugins\/seo\/ -->\n<title>Paartanz Standard - Hull L\u00fcbbecke<\/title>\n<meta name=\"robots\" content=\"index, follow, max-snippet:-1, max-image-preview:large, max-video-preview:-1\" \/>\n<link rel=\"canonical\" href=\"https:\/\/hull.de\/luebbecke\/paartanz-standard\/\" \/>\n<meta property=\"og:locale\" content=\"de_DE\" \/>\n<meta property=\"og:type\" content=\"article\" \/>\n<meta property=\"og:title\" content=\"Paartanz Standard - Hull L\u00fcbbecke\" \/>\n<meta property=\"og:url\" content=\"https:\/\/hull.de\/luebbecke\/paartanz-standard\/\" \/>\n<meta property=\"og:site_name\" content=\"Hull L\u00fcbbecke\" \/>\n<meta property=\"article:modified_time\" content=\"2022-06-30T18:55:43+00:00\" \/>\n<meta name=\"twitter:card\" content=\"summary_large_image\" \/>\n<meta name=\"twitter:label1\" content=\"Gesch\u00e4tzte Lesezeit\" \/>\n\t<meta name=\"twitter:data1\" content=\"9\u00a0Minuten\" \/>\n<script type=\"application\/ld+json\" class=\"yoast-schema-graph\">{\"@context\":\"https:\/\/schema.org\",\"@graph\":[{\"@type\":\"WebPage\",\"@id\":\"https:\/\/hull.de\/luebbecke\/paartanz-standard\/\",\"url\":\"https:\/\/hull.de\/luebbecke\/paartanz-standard\/\",\"name\":\"Paartanz Standard - Hull L\u00fcbbecke\",\"isPartOf\":{\"@id\":\"https:\/\/hull.de\/luebbecke\/#website\"},\"datePublished\":\"2022-01-04T14:51:05+00:00\",\"dateModified\":\"2022-06-30T18:55:43+00:00\",\"breadcrumb\":{\"@id\":\"https:\/\/hull.de\/luebbecke\/paartanz-standard\/#breadcrumb\"},\"inLanguage\":\"de\",\"potentialAction\":[{\"@type\":\"ReadAction\",\"target\":[\"https:\/\/hull.de\/luebbecke\/paartanz-standard\/\"]}]},{\"@type\":\"BreadcrumbList\",\"@id\":\"https:\/\/hull.de\/luebbecke\/paartanz-standard\/#breadcrumb\",\"itemListElement\":[{\"@type\":\"ListItem\",\"position\":1,\"name\":\"Startseite\",\"item\":\"https:\/\/hull.de\/luebbecke\/\"},{\"@type\":\"ListItem\",\"position\":2,\"name\":\"Paartanz Standard\"}]},{\"@type\":\"WebSite\",\"@id\":\"https:\/\/hull.de\/luebbecke\/#website\",\"url\":\"https:\/\/hull.de\/luebbecke\/\",\"name\":\"Hull L\u00fcbbecke\",\"description\":\"\",\"potentialAction\":[{\"@type\":\"SearchAction\",\"target\":{\"@type\":\"EntryPoint\",\"urlTemplate\":\"https:\/\/hull.de\/luebbecke\/?s={search_term_string}\"},\"query-input\":{\"@type\":\"PropertyValueSpecification\",\"valueRequired\":true,\"valueName\":\"search_term_string\"}}],\"inLanguage\":\"de\"}]}<\/script>\n<!-- \/ Yoast SEO plugin. -->","yoast_head_json":{"title":"Paartanz Standard - Hull L\u00fcbbecke","robots":{"index":"index","follow":"follow","max-snippet":"max-snippet:-1","max-image-preview":"max-image-preview:large","max-video-preview":"max-video-preview:-1"},"canonical":"https:\/\/hull.de\/luebbecke\/paartanz-standard\/","og_locale":"de_DE","og_type":"article","og_title":"Paartanz Standard - Hull L\u00fcbbecke","og_url":"https:\/\/hull.de\/luebbecke\/paartanz-standard\/","og_site_name":"Hull L\u00fcbbecke","article_modified_time":"2022-06-30T18:55:43+00:00","twitter_card":"summary_large_image","twitter_misc":{"Gesch\u00e4tzte Lesezeit":"9\u00a0Minuten"},"schema":{"@context":"https:\/\/schema.org","@graph":[{"@type":"WebPage","@id":"https:\/\/hull.de\/luebbecke\/paartanz-standard\/","url":"https:\/\/hull.de\/luebbecke\/paartanz-standard\/","name":"Paartanz Standard - Hull L\u00fcbbecke","isPartOf":{"@id":"https:\/\/hull.de\/luebbecke\/#website"},"datePublished":"2022-01-04T14:51:05+00:00","dateModified":"2022-06-30T18:55:43+00:00","breadcrumb":{"@id":"https:\/\/hull.de\/luebbecke\/paartanz-standard\/#breadcrumb"},"inLanguage":"de","potentialAction":[{"@type":"ReadAction","target":["https:\/\/hull.de\/luebbecke\/paartanz-standard\/"]}]},{"@type":"BreadcrumbList","@id":"https:\/\/hull.de\/luebbecke\/paartanz-standard\/#breadcrumb","itemListElement":[{"@type":"ListItem","position":1,"name":"Startseite","item":"https:\/\/hull.de\/luebbecke\/"},{"@type":"ListItem","position":2,"name":"Paartanz Standard"}]},{"@type":"WebSite","@id":"https:\/\/hull.de\/luebbecke\/#website","url":"https:\/\/hull.de\/luebbecke\/","name":"Hull L\u00fcbbecke","description":"","potentialAction":[{"@type":"SearchAction","target":{"@type":"EntryPoint","urlTemplate":"https:\/\/hull.de\/luebbecke\/?s={search_term_string}"},"query-input":{"@type":"PropertyValueSpecification","valueRequired":true,"valueName":"search_term_string"}}],"inLanguage":"de"}]}},"_links":{"self":[{"href":"https:\/\/hull.de\/luebbecke\/wp-json\/wp\/v2\/pages\/9935","targetHints":{"allow":["GET"]}}],"collection":[{"href":"https:\/\/hull.de\/luebbecke\/wp-json\/wp\/v2\/pages"}],"about":[{"href":"https:\/\/hull.de\/luebbecke\/wp-json\/wp\/v2\/types\/page"}],"author":[{"embeddable":true,"href":"https:\/\/hull.de\/luebbecke\/wp-json\/wp\/v2\/users\/1"}],"replies":[{"embeddable":true,"href":"https:\/\/hull.de\/luebbecke\/wp-json\/wp\/v2\/comments?post=9935"}],"version-history":[{"count":17,"href":"https:\/\/hull.de\/luebbecke\/wp-json\/wp\/v2\/pages\/9935\/revisions"}],"predecessor-version":[{"id":15839,"href":"https:\/\/hull.de\/luebbecke\/wp-json\/wp\/v2\/pages\/9935\/revisions\/15839"}],"wp:attachment":[{"href":"https:\/\/hull.de\/luebbecke\/wp-json\/wp\/v2\/media?parent=9935"}],"curies":[{"name":"wp","href":"https:\/\/api.w.org\/{rel}","templated":true}]}}