{"id":16320,"date":"2023-11-02T09:06:10","date_gmt":"2023-11-02T08:06:10","guid":{"rendered":"http:\/\/hull.de\/osnabrueck\/?page_id=16320"},"modified":"2023-11-02T09:06:10","modified_gmt":"2023-11-02T08:06:10","slug":"test","status":"publish","type":"page","link":"https:\/\/hull.de\/osnabrueck\/test\/","title":{"rendered":"Test"},"content":{"rendered":"<p><div class=\"fusion-fullwidth fullwidth-box fusion-builder-row-1 fusion-flex-container fusion-parallax-none nonhundred-percent-fullwidth non-hundred-percent-height-scrolling\" style=\"--awb-border-radius-top-left:0px;--awb-border-radius-top-right:0px;--awb-border-radius-bottom-right:0px;--awb-border-radius-bottom-left:0px;--awb-min-height:350px;--awb-background-image:url(&quot;http:\/\/hull.de\/osnabrueck\/wp-content\/uploads\/sites\/2\/2022\/01\/Schuelerkurse_Header.jpg&quot;);--awb-background-size:cover;--awb-flex-wrap:wrap;\" ><div class=\"fusion-builder-row fusion-row fusion-flex-align-items-center fusion-flex-content-wrap\" style=\"max-width:1216.8px;margin-left: calc(-4% \/ 2 );margin-right: calc(-4% \/ 2 );\"><div class=\"fusion-layout-column fusion_builder_column fusion-builder-column-0 fusion_builder_column_1_1 1_1 fusion-flex-column\" style=\"--awb-bg-size:cover;--awb-width-large:100%;--awb-margin-top-large:15px;--awb-spacing-right-large:1.92%;--awb-margin-bottom-large:15px;--awb-spacing-left-large:1.92%;--awb-width-medium:100%;--awb-order-medium:0;--awb-spacing-right-medium:1.92%;--awb-spacing-left-medium:1.92%;--awb-width-small:100%;--awb-order-small:0;--awb-spacing-right-small:1.92%;--awb-spacing-left-small:1.92%;\"><div class=\"fusion-column-wrapper fusion-column-has-shadow fusion-flex-justify-content-flex-start fusion-content-layout-column\"><div class=\"fusion-title title fusion-title-1 fusion-sep-none fusion-title-text fusion-title-size-one\" style=\"--awb-text-color:#ffffff;--awb-margin-top-small:0px;--awb-margin-right-small:0px;--awb-margin-bottom-small:20px;--awb-margin-left-small:0px;\"><h1 class=\"fusion-title-heading title-heading-left fusion-responsive-typography-calculated\" style=\"margin:0;--fontSize:90;line-height:1;\">Grundkurse f\u00fcr Sch\u00fcler*innen<\/h1><\/div><\/div><\/div><\/div><\/div><div class=\"fusion-fullwidth fullwidth-box fusion-builder-row-2 fusion-flex-container nonhundred-percent-fullwidth non-hundred-percent-height-scrolling\" style=\"--awb-background-position:left top;--awb-border-sizes-top:0px;--awb-border-sizes-bottom:0px;--awb-border-sizes-left:0px;--awb-border-sizes-right:0px;--awb-border-radius-top-left:0px;--awb-border-radius-top-right:0px;--awb-border-radius-bottom-right:0px;--awb-border-radius-bottom-left:0px;--awb-padding-top:3%;--awb-padding-bottom:3%;--awb-background-image:linear-gradient(180deg, #f7f7f7 0%,#ffffff 75%);--awb-flex-wrap:wrap;\" ><div class=\"fusion-builder-row fusion-row fusion-flex-align-items-flex-start fusion-flex-justify-content-center fusion-flex-content-wrap\" style=\"max-width:calc( 1170px + 0px );margin-left: calc(-0px \/ 2 );margin-right: calc(-0px \/ 2 );\"><div class=\"fusion-layout-column fusion_builder_column fusion-builder-column-1 fusion_builder_column_1_1 1_1 fusion-flex-column fusion-animated\" style=\"--awb-bg-blend:overlay;--awb-bg-size:cover;--awb-width-large:100%;--awb-margin-top-large:60px;--awb-spacing-right-large:0px;--awb-margin-bottom-large:60px;--awb-spacing-left-large:0px;--awb-width-medium:100%;--awb-spacing-right-medium:0px;--awb-spacing-left-medium:0px;--awb-width-small:100%;--awb-spacing-right-small:0px;--awb-spacing-left-small:0px;\" data-animationType=\"fadeInDown\" data-animationDuration=\"1.0\" data-animationOffset=\"top-into-view\"><div class=\"fusion-column-wrapper fusion-flex-justify-content-flex-start fusion-content-layout-column\"><div class=\"fusion-text fusion-text-1\"><p>Die Grundkurse f\u00fcr Sch\u00fcler*innen sind in Osnabr\u00fcck und Umgebung Tradition.<br \/>\nIn den Kursen starten wir mit Grundlagen des Paartanzes und geben einen Einblick, welche Werte der Paartanz in der jetzigen Gesellschaft vermittelt. Neben Discofox, Wiener und Langsamen Walzer stehen auch zum Beispiel Salsa und Bachata auf dem Plan.<\/p>\n<p><span style=\"color: var(--body_typography-color); font-family: var(--body_typography-font-family); font-size: var(--body_typography-font-size); font-style: var(--body_typography-font-style,normal); font-weight: var(--body_typography-font-weight); letter-spacing: var(--body_typography-letter-spacing);\">Durch unsere legend\u00e4ren Flashmobs lernt ihr auch noch die Basics vom Solotanz und abgesehen davon, <\/span><span style=\"color: var(--body_typography-color); font-family: var(--body_typography-font-family); font-size: var(--body_typography-font-size); font-style: var(--body_typography-font-style,normal); font-weight: var(--body_typography-font-weight); letter-spacing: var(--body_typography-letter-spacing);\">machen die Flashmobs auch Jahre sp\u00e4ter noch Spa\u00df!<\/span><\/p>\n<p>Wir wollen aber gar nicht zu viel verraten, seit Generationen begr\u00fc\u00dfen wir die 9. Klassen bei uns und bereiten sie auf den Abschlussball vor. Mit Erfolg!<br \/>\nNicht umsonst begr\u00fc\u00dfen wir j\u00e4hrlich so gut wie jede Osnabr\u00fccker Schule bei uns.<\/p>\n<p>Damit du mit deiner Klasse zusammen den Abschlussball hast, empfehlen wir einen Kurs auszuw\u00e4hlen, in den sich alle anmelden.<\/p>\n<div>Es wird kein Tanzpartner\/ keine Tanzpartnerin bei der Anmeldung ben\u00f6tigt. In den Kursen lernt ihr viele neue Gesichter kennen und so entstehen neue Tanzpaare. Immerhin habt ihr daf\u00fcr mehr als 10 Wochen Zeit! Also kein Stress!<\/div>\n<div>\n<p>Auf euch warten spannende Wochen: die Sch\u00fclerparty p\u00e4ng!, der Mittelball und nat\u00fcrlich der Abschlussball!<br \/>\nAuch die Eltern werden in unserer Auffrischungsstunde auf den Ball vorbereitet und erhalten Rabatt auf unsere Crashkurse, damit sie bei dem Vater\/Tochter und Mutter\/Sohn Tanz zusammen mit euch auf dem Parkett in der Osnabr\u00fcckHalle gl\u00e4nzen!<\/p>\n<p>Die Anmeldung erfolgt \u00fcber unsere verteilten Anmeldeflyer oder hier online. Es wird eine Anmeldung pro Sch\u00fcler*in ben\u00f6tigt. Es gibt keine Sammelanmeldungen. Bitte tragt bei der Anmeldung eure jetzige Klasse und Schule ein, damit wir euch zu ordnen k\u00f6nnen und ihr am Gewinnspiel teilnehmt. Denn wir verlosen unter allen Klassen mit einer Teilnehmeranzahl von mindestens 20 Personen 7 x 200,00 \u20ac f\u00fcr eure Klassen Kasse!<\/p>\n<\/div>\n<p>Sobald ein Kurs ausgebucht ist, k\u00f6nnen wir dort keine weiteren Sch\u00fcler*innen aufnehmen.<\/p>\n<\/div>\n<div class=\"wpcf7 no-js\" id=\"wpcf7-f16302-o1\" lang=\"de-DE\" dir=\"ltr\" data-wpcf7-id=\"16302\">\n<div class=\"screen-reader-response\"><p role=\"status\" aria-live=\"polite\" aria-atomic=\"true\"><\/p> <ul><\/ul><\/div>\n<form action=\"\/osnabrueck\/wp-json\/wp\/v2\/pages\/16320#wpcf7-f16302-o1\" method=\"post\" class=\"wpcf7-form init\" aria-label=\"Kontaktformular\" novalidate=\"novalidate\" data-status=\"init\">\n<fieldset class=\"hidden-fields-container\"><input type=\"hidden\" name=\"_wpcf7\" value=\"16302\" \/><input type=\"hidden\" name=\"_wpcf7_version\" value=\"6.1.5\" \/><input type=\"hidden\" name=\"_wpcf7_locale\" value=\"de_DE\" \/><input type=\"hidden\" name=\"_wpcf7_unit_tag\" value=\"wpcf7-f16302-o1\" \/><input type=\"hidden\" name=\"_wpcf7_container_post\" value=\"0\" \/><input type=\"hidden\" name=\"_wpcf7_posted_data_hash\" value=\"\" \/>\n<\/fieldset>\n<p><label> Vor & Nachname<br \/>\n<span class=\"wpcf7-form-control-wrap\" data-name=\"your-name\"><input size=\"40\" maxlength=\"400\" class=\"wpcf7-form-control wpcf7-text wpcf7-validates-as-required\" aria-required=\"true\" aria-invalid=\"false\" value=\"\" type=\"text\" name=\"your-name\" \/><\/span> <\/label>\n<\/p>\n<p><label> Deine E-Mail-Adresse<br \/>\n<span class=\"wpcf7-form-control-wrap\" data-name=\"your-email\"><input size=\"40\" maxlength=\"400\" class=\"wpcf7-form-control wpcf7-email wpcf7-validates-as-required wpcf7-text wpcf7-validates-as-email\" aria-required=\"true\" aria-invalid=\"false\" value=\"\" type=\"email\" name=\"your-email\" \/><\/span> <\/label>\n<\/p>\n<p><label> Deine Anschrift<br \/>\n<span class=\"wpcf7-form-control-wrap\" data-name=\"anschrift\"><input size=\"40\" maxlength=\"400\" class=\"wpcf7-form-control wpcf7-text wpcf7-validates-as-required\" aria-required=\"true\" aria-invalid=\"false\" value=\"\" type=\"text\" name=\"anschrift\" \/><\/span> <\/label>\n<\/p>\n<p><label> Deine Telefonnummer<br \/>\n<span class=\"wpcf7-form-control-wrap\" data-name=\"tel-743\"><input size=\"40\" maxlength=\"400\" class=\"wpcf7-form-control wpcf7-tel wpcf7-validates-as-required wpcf7-text wpcf7-validates-as-tel\" aria-required=\"true\" aria-invalid=\"false\" value=\"\" type=\"tel\" name=\"tel-743\" \/><\/span> <\/label>\n<\/p>\n<p><label> Schule<br \/>\n<span class=\"wpcf7-form-control-wrap\" data-name=\"Schule\"><input size=\"40\" maxlength=\"400\" class=\"wpcf7-form-control wpcf7-text wpcf7-validates-as-required\" aria-required=\"true\" aria-invalid=\"false\" value=\"\" type=\"text\" name=\"Schule\" \/><\/span> <\/label>\n<\/p>\n<p><label> Klasse<br \/>\n<span class=\"wpcf7-form-control-wrap\" data-name=\"Klasse\"><input size=\"40\" maxlength=\"400\" class=\"wpcf7-form-control wpcf7-text wpcf7-validates-as-required\" aria-required=\"true\" aria-invalid=\"false\" value=\"\" type=\"text\" name=\"Klasse\" \/><\/span> <\/label>\n<\/p>\n<p>Abschlussball (bitte w\u00e4hlen):\n<\/p>\n<p><span class=\"wpcf7-form-control-wrap\" data-name=\"Termin\"><select class=\"wpcf7-form-control wpcf7-select wpcf7-validates-as-required\" aria-required=\"true\" aria-invalid=\"false\" name=\"Termin\"><option value=\"Freitag, der 06.12.2024\">Freitag, der 06.12.2024<\/option><option value=\"Samstag, der 07.12.2024\">Samstag, der 07.12.2024<\/option><\/select><\/span>\n<\/p>\n<p>Wie viele Karten sollen reserviert werden?\n<\/p>\n<p>Reihe 1 (06. & 07.12):(41,00 \u20ac): ausverkauft<br \/>\nReihe 2 (07.12) (37,00 \u20ac): <span class=\"wpcf7-form-control-wrap\" data-name=\"Reihe2\"><input class=\"wpcf7-form-control wpcf7-number wpcf7-validates-as-number\" min=\"12\" aria-invalid=\"false\" placeholder=\"Anzahl Karten Reihe 2\" value=\"\" type=\"number\" name=\"Reihe2\" \/><\/span>\n<\/p>\n<p><span class=\"wpcf7-form-control-wrap\" data-name=\"Anmerkungen\"><textarea cols=\"40\" rows=\"10\" maxlength=\"2000\" class=\"wpcf7-form-control wpcf7-textarea\" aria-invalid=\"false\" placeholder=\"Bemerkungen\" name=\"Anmerkungen\"><\/textarea><\/span>\n<\/p>\n<p><input class=\"wpcf7-form-control wpcf7-submit has-spinner\" type=\"submit\" value=\"Senden\" \/>\n<\/p><input type='hidden' class='wpcf7-pum' value='{\"closepopup\":false,\"closedelay\":0,\"openpopup\":false,\"openpopup_id\":0}' \/><div class=\"fusion-alert alert custom alert-custom fusion-alert-center wpcf7-response-output fusion-alert-capitalize awb-alert-native-link-color alert-dismissable awb-alert-close-boxed\" style=\"--awb-border-top-left-radius:0px;--awb-border-top-right-radius:0px;--awb-border-bottom-left-radius:0px;--awb-border-bottom-right-radius:0px;\" role=\"alert\"><div class=\"fusion-alert-content-wrapper\"><span class=\"fusion-alert-content\"><\/span><\/div><button type=\"button\" class=\"close toggle-alert\" data-dismiss=\"alert\" aria-label=\"Close\">&times;<\/button><\/div>\n<\/form>\n<\/div>\n<\/div><\/div><\/div><\/div><\/p>\n","protected":false},"excerpt":{"rendered":"","protected":false},"author":1,"featured_media":0,"parent":0,"menu_order":0,"comment_status":"closed","ping_status":"closed","template":"100-width.php","meta":{"footnotes":"","_links_to":"","_links_to_target":""},"class_list":["post-16320","page","type-page","status-publish","hentry"],"yoast_head":"<!-- This site is optimized with the Yoast SEO plugin v27.5 - https:\/\/yoast.com\/product\/yoast-seo-wordpress\/ -->\n<title>Test - Hull Osnabr\u00fcck<\/title>\n<meta name=\"robots\" content=\"index, follow, max-snippet:-1, max-image-preview:large, max-video-preview:-1\" \/>\n<link rel=\"canonical\" href=\"https:\/\/hull.de\/osnabrueck\/test\/\" \/>\n<meta property=\"og:locale\" content=\"de_DE\" \/>\n<meta property=\"og:type\" content=\"article\" \/>\n<meta property=\"og:title\" content=\"Test - Hull Osnabr\u00fcck\" \/>\n<meta property=\"og:url\" content=\"https:\/\/hull.de\/osnabrueck\/test\/\" \/>\n<meta property=\"og:site_name\" content=\"Hull Osnabr\u00fcck\" \/>\n<meta name=\"twitter:card\" content=\"summary_large_image\" \/>\n<script type=\"application\/ld+json\" class=\"yoast-schema-graph\">{\"@context\":\"https:\\\/\\\/schema.org\",\"@graph\":[{\"@type\":\"WebPage\",\"@id\":\"https:\\\/\\\/hull.de\\\/osnabrueck\\\/test\\\/\",\"url\":\"https:\\\/\\\/hull.de\\\/osnabrueck\\\/test\\\/\",\"name\":\"Test - Hull Osnabr\u00fcck\",\"isPartOf\":{\"@id\":\"https:\\\/\\\/hull.de\\\/osnabrueck\\\/#website\"},\"datePublished\":\"2023-11-02T08:06:10+00:00\",\"breadcrumb\":{\"@id\":\"https:\\\/\\\/hull.de\\\/osnabrueck\\\/test\\\/#breadcrumb\"},\"inLanguage\":\"de\",\"potentialAction\":[{\"@type\":\"ReadAction\",\"target\":[\"https:\\\/\\\/hull.de\\\/osnabrueck\\\/test\\\/\"]}]},{\"@type\":\"BreadcrumbList\",\"@id\":\"https:\\\/\\\/hull.de\\\/osnabrueck\\\/test\\\/#breadcrumb\",\"itemListElement\":[{\"@type\":\"ListItem\",\"position\":1,\"name\":\"Startseite\",\"item\":\"https:\\\/\\\/hull.de\\\/osnabrueck\\\/\"},{\"@type\":\"ListItem\",\"position\":2,\"name\":\"Test\"}]},{\"@type\":\"WebSite\",\"@id\":\"https:\\\/\\\/hull.de\\\/osnabrueck\\\/#website\",\"url\":\"https:\\\/\\\/hull.de\\\/osnabrueck\\\/\",\"name\":\"Hull Osnabr\u00fcck\",\"description\":\"\",\"potentialAction\":[{\"@type\":\"SearchAction\",\"target\":{\"@type\":\"EntryPoint\",\"urlTemplate\":\"https:\\\/\\\/hull.de\\\/osnabrueck\\\/?s={search_term_string}\"},\"query-input\":{\"@type\":\"PropertyValueSpecification\",\"valueRequired\":true,\"valueName\":\"search_term_string\"}}],\"inLanguage\":\"de\"}]}<\/script>\n<!-- \/ Yoast SEO plugin. -->","yoast_head_json":{"title":"Test - Hull Osnabr\u00fcck","robots":{"index":"index","follow":"follow","max-snippet":"max-snippet:-1","max-image-preview":"max-image-preview:large","max-video-preview":"max-video-preview:-1"},"canonical":"https:\/\/hull.de\/osnabrueck\/test\/","og_locale":"de_DE","og_type":"article","og_title":"Test - Hull Osnabr\u00fcck","og_url":"https:\/\/hull.de\/osnabrueck\/test\/","og_site_name":"Hull Osnabr\u00fcck","twitter_card":"summary_large_image","schema":{"@context":"https:\/\/schema.org","@graph":[{"@type":"WebPage","@id":"https:\/\/hull.de\/osnabrueck\/test\/","url":"https:\/\/hull.de\/osnabrueck\/test\/","name":"Test - Hull Osnabr\u00fcck","isPartOf":{"@id":"https:\/\/hull.de\/osnabrueck\/#website"},"datePublished":"2023-11-02T08:06:10+00:00","breadcrumb":{"@id":"https:\/\/hull.de\/osnabrueck\/test\/#breadcrumb"},"inLanguage":"de","potentialAction":[{"@type":"ReadAction","target":["https:\/\/hull.de\/osnabrueck\/test\/"]}]},{"@type":"BreadcrumbList","@id":"https:\/\/hull.de\/osnabrueck\/test\/#breadcrumb","itemListElement":[{"@type":"ListItem","position":1,"name":"Startseite","item":"https:\/\/hull.de\/osnabrueck\/"},{"@type":"ListItem","position":2,"name":"Test"}]},{"@type":"WebSite","@id":"https:\/\/hull.de\/osnabrueck\/#website","url":"https:\/\/hull.de\/osnabrueck\/","name":"Hull Osnabr\u00fcck","description":"","potentialAction":[{"@type":"SearchAction","target":{"@type":"EntryPoint","urlTemplate":"https:\/\/hull.de\/osnabrueck\/?s={search_term_string}"},"query-input":{"@type":"PropertyValueSpecification","valueRequired":true,"valueName":"search_term_string"}}],"inLanguage":"de"}]}},"_links":{"self":[{"href":"https:\/\/hull.de\/osnabrueck\/wp-json\/wp\/v2\/pages\/16320","targetHints":{"allow":["GET"]}}],"collection":[{"href":"https:\/\/hull.de\/osnabrueck\/wp-json\/wp\/v2\/pages"}],"about":[{"href":"https:\/\/hull.de\/osnabrueck\/wp-json\/wp\/v2\/types\/page"}],"author":[{"embeddable":true,"href":"https:\/\/hull.de\/osnabrueck\/wp-json\/wp\/v2\/users\/1"}],"replies":[{"embeddable":true,"href":"https:\/\/hull.de\/osnabrueck\/wp-json\/wp\/v2\/comments?post=16320"}],"version-history":[{"count":1,"href":"https:\/\/hull.de\/osnabrueck\/wp-json\/wp\/v2\/pages\/16320\/revisions"}],"predecessor-version":[{"id":16321,"href":"https:\/\/hull.de\/osnabrueck\/wp-json\/wp\/v2\/pages\/16320\/revisions\/16321"}],"wp:attachment":[{"href":"https:\/\/hull.de\/osnabrueck\/wp-json\/wp\/v2\/media?parent=16320"}],"curies":[{"name":"wp","href":"https:\/\/api.w.org\/{rel}","templated":true}]}}